vided by 7?
4
Calculate the remainder when (5*-6*(-726)/(-99))/(-1) is divided by 4.
0
Suppose 17 = -10*b + 87. Calculate the remainder when 53 is divided by b.
4
Suppose -17*q = -241 - 422. Calculate the remainder when q is divided by 23.
16
Let k(r) = -11*r - 226. Calculate the remainder when k(-29) is divided by 33.
27
Let s = 7 - 4. Suppose 0 = s*w - 2*w. Suppose w = 3*r - 4*r + 33. Calculate the remainder when 96 is divided by r.
30
Let v = -43 - -51. Suppose -v*n + 50 = -14. Let k = -42 - -71. What is the remainder when k is divided by n?
5
Let n = -3 + 20. Calculate the remainder when -4 - (-44 - -2) - -3 is divided by n.
7
Let u = -8186 + 8239. Let z = 0 + 3. Suppose y + 4*n - 19 = -0*y, z*y - 2*n = 29. Calculate the remainder when u is divided by y.
9
Let p = 96 + 122. Let h = p + -147. What is the remainder when h is divided by 25?
21
Suppose -144 = -5*h + n + 3*n, 4*h + 2*n = 110. Calculate the remainder when h is divided by -15*((-3)/(-2) + 140/(-56)).
13
Let f be 2/11 + 10/(-55). Suppose 4*h - 5*c - 652 = f, 4*h + 2*c - 692 = -3*c. Calculate the remainder when h is divided by 34.
32
Let a be (2/(-4))/((-3)/606). Suppose -a = -4*w + 51. Suppose -2*z + 3*z - w = -4*o, 2 = -z. Calculate the remainder when 48 is divided by o.
8
Suppose 0 = -15*f + 178 + 227. What is the remainder when 132 is divided by f?
24
Suppose 4*q = p, 0*p = -3*p - q + 13. Suppose -p*u = -373 - 255. What is the remainder when u is divided by 40?
37
Let k(o) = 9*o**3 - 3*o**2 + 2*o + 2. Suppose 14*w = 9*w + 10. Suppose w = -3*v + 4*j, 3*v = 4*v + 4*j - 10. Calculate the remainder when k(v) is divided by 17.
15
Suppose -g - 2*g = -2*u - 63, -5*g + 2*u + 105 = 0. What is the remainder when g is divided by 1?
0
Let y = 1734 + -1691. Let i(l) = -l**3 + 5*l**2 + 7*l + 5. Let f be i(6). Suppose 0*b - f = -b. Calculate the remainder when y is divided by b.
10
Let p be (-16 - -24)/(4/2 + 0). Suppose 3*j - 4*j = 1. Let q = p - j. What is the remainder when 13 is divided by q?
3
Suppose -4*r + 4*s = -9 - 3, 0 = -r + 4*s + 3. Suppose 4*k = 5*x + 391, -r*x - 11 + 311 = 3*k. What is the remainder when k is divided by 34?
31
Let a(s) = -s**2 - 15*s - 34. Let u be 8/(((-5)/10)/(2/4)). Calculate the remainder when a(u) is divided by 4.
2
Let k(n) = 4*n**2 - 2*n + 1. Let x be k(-4). Suppose 0 = -4*a + x + 187. Let y = 75 + -53. Calculate the remainder when a is divided by y.
21
Let d = -1898 - -1948. What is the remainder when 148 is divided by d?
48
Suppose -4*p + 2*r = -34, 2*p + 0*p + r = 7. Suppose 5*t + 4*s = -137, -t - 3*s + p = 29. Let k = 8 - t. What is the remainder when k is divided by 10?
7
Suppose 5*a - 3*a = 10. Suppose 4*f - 49 = -n, -a*f = -n - n - 71. Let i(h) = h - 10. What is the remainder when i(f) is divided by 1?
0
Calculate the remainder when 70 is divided by (-14 - -18)/((-3)/(-6)).
6
Let n = -7 + 7. Let w be 5 - 1 - (-2 - n). Let z(d) = d**3 - 7*d**2 + 8*d - 9. Calculate the remainder when 8 is divided by z(w).
2
Let h = 58 + -136. Let o = -69 - h. Calculate the remainder when 14 is divided by o.
5
Suppose 10*m - 305 - 75 = 0. Suppose 2*t = 4*v - 62, 0 = 4*v - 5*t - m - 33. What is the remainder when v is divided by 3?
2
Calculate the remainder when 1621 is divided by (30 - 4)*13/26.
9
Let f(i) = -i**2 - 8*i + 9. Let s(q) = -q**2 - 14*q - 8. Let p be s(-14). Calculate the remainder when 23 is divided by f(p).
5
Suppose -5*d + 4*i + 25 = 0, 15 = 3*d + 3*i - 8*i. Calculate the remainder when 43 is divided by d.
3
Suppose 7 = 6*g - 281. Suppose -2*z + h - 42 + 3 = 0, 0 = -z + 3*h - 17. Let n = z - -33. What is the remainder when g is divided by n?
9
Let j(d) = 7*d - 1. Let w be j(4). Let k = w + -23. What is the remainder when 4 is divided by k?
0
Suppose 3*h + 5*c - 125 = 43, -h - 2*c = -57. What is the remainder when 387 is divided by h?
30
Let v(j) = -3*j**3 + 6*j**2 + 2*j + 10. What is the remainder when v(-3) is divided by 66?
7
Suppose 433 = 3*q - 5*s, -4*q = -0*q + 4*s - 620. Suppose 14*m - 129 = q. Calculate the remainder when 98 is divided by m.
18
Suppose 0 = -5*i - t + 3 - 31, -i - 2*t = 2. Calculate the remainder when 31 is divided by (-64)/6*i/4.
15
Suppose 0 = 5*t - 3*k + 2*k + 5, t - 20 = -4*k. Suppose t = -2*q - 1 + 89. What is the remainder when q is divided by 16?
12
Let f be -17 + (-6)/3 + 3. Let q(g) = g**3 + 16*g**2 + 7. Let p(m) = -m**3 + 16*m**2 + 13. Calculate the remainder when p(16) is divided by q(f).
6
What is the remainder when (-106)/(-5 + 0 - -3) is divided by 6?
5
Let m be ((-7)/14)/((-1)/(-66)). Let p = m + 47. What is the remainder when p is divided by (30/8)/3*4?
4
Let s(j) = 4*j**2 + 2*j - 15. Calculate the remainder when s(4) is divided by 30.
27
What is the remainder when 0 - ((-56)/8 - 516) is divided by 105?
103
Let u = -7 - -2. What is the remainder when (-594 - 1)/u + -3 is divided by 30?
26
Let q(o) = -o**2 - 4*o - 3. Let x = 13 + -15. Let z be q(x). What is the remainder when 52 is divided by z/(-2) + (-58)/(-4)?
10
Let c be (-4)/((-64)/140)*20. Suppose -c = 6*z - 11*z. What is the remainder when z is divided by 9?
8
Let j(b) = 78*b + 269. What is the remainder when 78 is divided by j(-3)?
8
Let w be (-28)/((-28)/24 - -1). Suppose -w = -5*k + 37. Suppose 0 = 4*f - 67 - k. What is the remainder when f is divided by 15?
12
Suppose 323 = 20*a - 677. Calculate the remainder when 138 is divided by a.
38
Let n(q) = 4*q + 38. Let p be n(-8). Suppose 119 = x + p*x. Let b(m) = m**3 + 4*m**2 - 3*m - 3. Calculate the remainder when x is divided by b(-4).
8
Let y = 53 - 5. What is the remainder when y is divided by 17?
14
Let g(z) = z**2 + 1. Let f be g(1). What is the remainder when (42/(-12))/(f/(-44)) is divided by 20?
17
Let a = 614 - 465. Calculate the remainder when a is divided by 26.
19
Let u = -8 + 40. Suppose 10*b - 235 = 375. Calculate the remainder when b is divided by u.
29
Suppose -q + 156 = -5*j, 3*q - 172 = 2*q + j. Suppose -14*i - 2*i = -q. What is the remainder when 85 is divided by i?
8
Let k = -45 - -11. Let f = k - -53. Suppose -6*q = -5*q - f. Calculate the remainder when 31 is divided by q.
12
Let l = 176 + -161. Calculate the remainder when 327 is divided by l.
12
Suppose 0 = 9*r - 12*r + 1074. What is the remainder when r is divided by 10?
8
Suppose -2*i = 3*m + m - 70, i = -4*m + 43. Suppose -9*k + 2120 = 11*k. What is the remainder when k is divided by i?
25
Let y(s) = -s**3 - 14*s**2 + 4*s**2 + 39 - 64 - 16*s + 33. What is the remainder when 23 is divided by y(-8)?
7
Let d = -13 - -9. Let o = d + 22. Suppose 5*h = -4*k + 16 + 19, 3*h - 34 = -5*k. What is the remainder when o is divided by k?
3
Let i(w) = 6*w**2 - 91*w + 6. Calculate the remainder when i(16) is divided by 25.
11
Let p = -21 - -17. Let c(g) = -g**3 + 4*g**2 + 6*g + 4. What is the remainder when c(p) is divided by 22?
20
Suppose 5*a = -r - 192, -4*a - 5*r - 115 = 47. Let v = a + 63. Calculate the remainder when v is divided by 14.
11
Calculate the remainder when (-5 - (-13)/3)/((-2)/336) is divided by 32.
16
Suppose 4*m - 2*v = 28, 14 = m + 3*v - 0*v. Let h be (0 - 156)*m/(-16). Suppose 3*b - b = h. What is the remainder when b is divided by 14?
11
Let n(b) = -b**2 - 35*b - 108. What is the remainder when n(-15) is divided by 100?
92
Let u = 69 - 47. What is the remainder when 192 is divided by u?
16
Let p = 28 - 25. Let c = 9 + 2. Calculate the remainder when c is divided by p*(8/6 - -1).
4
Suppose 0 = 4*g - 3*x - 43 - 24, -x = 5. Let n = -42 - -62. What is the remainder when n is divided by g?
7
Suppose -66 - 18 = -12*r. What is the remainder when 119 is divided by 24 + 1 - 4/(r - 3)?
23
Suppose 0 = 4*p - z - 80 - 29, 5*p - 134 = -z. Calculate the remainder when 240 is divided by p.
24
Let z = -29 - -46. Suppose 4*b + 8 - 38 = 2*w, 3*b - 50 = -4*w. Calculate the remainder when z is divided by b.
7
Suppose -746 = 11*p - 2198. Suppose -5*d = o - p, 0 = -2*d - 0*d - 2*o + 48. Calculate the remainder when 77 is divided by d.
23
Let o be ((-1)/(-3))/((-16)/288). Let l(g) = 20*g**2 + 1. What is the remainder when l(1) is divided by o*2*60/(-90)?
5
Let k(l) = -123*l**3 - l**2. Let i(g) = -g**3 + 18*g**2 - 18*g + 16. Let r be i(17). Suppose 2*v + 14 = 76. What is the remainder when k(r) is divided by v?
29
Suppose -4*j - 2*t = -708, -1 +